{"id":987,"date":"2025-10-03T16:44:38","date_gmt":"2025-10-03T13:44:38","guid":{"rendered":"https:\/\/seitattoostudio.com\/?page_id=987"},"modified":"2025-10-10T15:47:38","modified_gmt":"2025-10-10T12:47:38","slug":"cihan-ozturk","status":"publish","type":"page","link":"https:\/\/seitattoostudio.com\/index.php\/cihan-ozturk\/","title":{"rendered":"Cihan \u00d6zt\u00fcrk"},"content":{"rendered":"\n<div class=\"wp-block-media-text is-stacked-on-mobile\"><figure class=\"wp-block-media-text__media\"><img loading=\"lazy\" decoding=\"async\" width=\"1024\" height=\"1024\" src=\"http:\/\/seitattoostudio.com\/wp-content\/uploads\/2025\/10\/ali-OZAKCA-1024x1024.jpg\" alt=\"\" class=\"wp-image-988 size-full\" srcset=\"https:\/\/seitattoostudio.com\/wp-content\/uploads\/2025\/10\/ali-OZAKCA-1024x1024.jpg 1024w, https:\/\/seitattoostudio.com\/wp-content\/uploads\/2025\/10\/ali-OZAKCA-300x300.jpg 300w, https:\/\/seitattoostudio.com\/wp-content\/uploads\/2025\/10\/ali-OZAKCA-150x150.jpg 150w, https:\/\/seitattoostudio.com\/wp-content\/uploads\/2025\/10\/ali-OZAKCA-768x768.jpg 768w, https:\/\/seitattoostudio.com\/wp-content\/uploads\/2025\/10\/ali-OZAKCA-75x75.jpg 75w, https:\/\/seitattoostudio.com\/wp-content\/uploads\/2025\/10\/ali-OZAKCA.jpg 1080w\" sizes=\"auto, (max-width: 1024px) 100vw, 1024px\" \/><\/figure><div class=\"wp-block-media-text__content\">\n<p>Anadolu \u00dcniversitesi Grafik Sanatlar&#8217;dan mezun olan Cihan&nbsp;6 y\u0131ld\u0131r d\u00f6vme sekt\u00f6r\u00fcnde, genellikle realism alan\u0131nda \u00e7al\u0131\u015fan Cihan&#8217;dan randevu almak i\u00e7in l\u00fctfen&nbsp;<a href=\"https:\/\/seitattoostudio.com\/index.php\/randevu\/\" target=\"_blank\" rel=\"noreferrer noopener\"><strong>bizimle ileti\u015fime ge\u00e7iniz<\/strong><\/a>.<\/p>\n<\/div><\/div>\n\n\n\nngg_shortcode_0_placeholder\n","protected":false},"excerpt":{"rendered":"<p>Anadolu \u00dcniversitesi Grafik Sanatlar&#8217;dan mezun olan Cihan&nbsp;6 y\u0131ld\u0131r d\u00f6vme sekt\u00f6r\u00fcnde, genellikle realism alan\u0131nda \u00e7al\u0131\u015fan Cihan&#8217;dan randevu almak i\u00e7in l\u00fctfen&nbsp;bizimle ileti\u015fime ge\u00e7iniz.<\/p>\n","protected":false},"author":1,"featured_media":0,"parent":0,"menu_order":0,"comment_status":"closed","ping_status":"closed","template":"","meta":{"ngg_post_thumbnail":0,"footnotes":""},"class_list":["post-987","page","type-page","status-publish","hentry"],"_links":{"self":[{"href":"https:\/\/seitattoostudio.com\/index.php\/wp-json\/wp\/v2\/pages\/987","targetHints":{"allow":["GET"]}}],"collection":[{"href":"https:\/\/seitattoostudio.com\/index.php\/wp-json\/wp\/v2\/pages"}],"about":[{"href":"https:\/\/seitattoostudio.com\/index.php\/wp-json\/wp\/v2\/types\/page"}],"author":[{"embeddable":true,"href":"https:\/\/seitattoostudio.com\/index.php\/wp-json\/wp\/v2\/users\/1"}],"replies":[{"embeddable":true,"href":"https:\/\/seitattoostudio.com\/index.php\/wp-json\/wp\/v2\/comments?post=987"}],"version-history":[{"count":3,"href":"https:\/\/seitattoostudio.com\/index.php\/wp-json\/wp\/v2\/pages\/987\/revisions"}],"predecessor-version":[{"id":1102,"href":"https:\/\/seitattoostudio.com\/index.php\/wp-json\/wp\/v2\/pages\/987\/revisions\/1102"}],"wp:attachment":[{"href":"https:\/\/seitattoostudio.com\/index.php\/wp-json\/wp\/v2\/media?parent=987"}],"curies":[{"name":"wp","href":"https:\/\/api.w.org\/{rel}","templated":true}]}}